he units digit of a(l)?
2
Let k be (-5 - -4)*-3*1. Let v be (-2)/k + 51/9. Let i(f) = f**2 - 4*f - 2. What is the units digit of i(v)?
3
Let w(o) = -o**3 + 5*o**2 + 5*o + 8. Let n be -4 + 3 - -4 - -3. Let j be w(n). What is the units digit of 0 + 1 + j - 2?
1
Suppose -4*i + 3*i = 6. Let a = 10 + i. What is the units digit of a?
4
What is the tens digit of -1*(-2 - -3) + 41?
4
Let f be (-1)/(-2)*-2 + 4. Let r be (f - 2)/(1/(-6)). What is the units digit of (r/(-15))/(2/30)?
6
Suppose 0 = 2*w - 5 - 13. What is the units digit of w?
9
Suppose 0*m = -5*m - 10. What is the units digit of m*(2 + -4)/4?
1
Let d(n) = 5*n - 11. Let k(j) = 9*j - 21. Let o(i) = 11*d(i) - 6*k(i). What is the units digit of o(0)?
5
Suppose 4*t + d - 52 = -4*d, -4*d = t - 13. What is the units digit of t?
3
Let q = -69 + 49. What is the units digit of (-1 + -3)*270/q?
4
Let w = 10 + -6. What is the units digit of w?
4
Let k be (-2 - 1)*10/(-15). Suppose k*c = -x + 3*c + 6, -4*c = 5*x - 3. Suppose 0 = x*w - 5*w + 3*u + 23, w - 2*u = 12. What is the units digit of w?
0
Let y = 9 + -5. What is the units digit of y/6*108/8?
9
Suppose 8*q - 5*q = 345. What is the hundreds digit of q?
1
Let p(b) = 2*b + 2. Let x be p(3). Let q = 16 - x. Let d = q + -4. What is the units digit of d?
4
Let f be (-1)/(6/8 + -1). Suppose 3*r - 11 = -m + 6, -1 = 3*m - f*r. What is the units digit of m?
5
Suppose -5*s + 6*l - 2*l - 4 = 0, -3*l = -2*s - 3. Suppose 2*b + 3*v - 19 = 0, 5*b + s*v - 43 = -3*v. What is the units digit of b?
8
What is the tens digit of (6/4)/(24/816)?
5
Let m(x) = -5*x - 7. What is the units digit of m(-5)?
8
Let a(x) = 2*x - 14. Suppose -2*b + 5*b = -s + 76, 4*s - 4*b - 240 = 0. Let u be s/6 + 4/(-6). What is the units digit of a(u)?
6
Let d(l) = -l + 7. Let b(p) = 4*p - 28. Let x(m) = -2*b(m) - 9*d(m). Let h be x(6). What is the units digit of h - 18/3*-1?
5
Suppose 30 = -0*d + 2*d. Let c(a) = -7*a + 3. Let h be c(2). Let m = d + h. What is the units digit of m?
4
Let u(i) = 18*i**3 + i**2 - 2*i + 1. Let d be u(1). What is the units digit of 183/d + 3/(-18)?
0
Suppose -3*o - 672 = -11*o. What is the tens digit of o?
8
Let x be 4*2*(-1)/(-2). Suppose -x*d = -7*d. Suppose -a + d*a = -17. What is the units digit of a?
7
Let v = -46 - -93. What is the units digit of v?
7
Suppose -83 = -2*u - 9. What is the tens digit of u?
3
Let m(g) = 8*g**2 - 1. Let c be m(-1). Let b(d) = d**3 - d**2 + 2*d - 1. Let x be b(1). Let o = c - x. What is the units digit of o?
6
Let x(f) = 2*f**2 + 5*f + 3. Let u = -3 - 3. Let r be 20/u + (-2)/3. What is the tens digit of x(r)?
1
Let f(j) = j**2 + 6*j + 1. Suppose u + 42 = -4*u - 3*a, -2*u = a + 16. What is the units digit of f(u)?
1
What is the tens digit of 1/(-4) + 8664/96?
9
Suppose 22 = 3*h + 49. What is the units digit of ((-4)/3)/(2/h)?
6
What is the units digit of (4 - (4 - -115))*-1?
5
Let f = -79 - -22. Let j = -33 - f. What is the tens digit of j?
2
Suppose -16 = -s + 3. What is the units digit of s?
9
Suppose x + 0*x - 2*b = 138, -5*x + 672 = -b. Let l = x + -66. Suppose 5*m = d - 37 + 110, 4*m = -4*d + l. What is the units digit of m?
5
Let p = -4 + 5. Let s be 3 - 3 - -2*p. Suppose 0 = 2*x + i - 17, -x + s*i + 4 = 8. What is the units digit of x?
6
Let t(n) = -5*n**2 - 4*n. Let l(f) = -3*f + 7. Let a(s) = 2*s - 4. Let h(x) = 5*a(x) + 3*l(x). Let k(w) = -2*h(w) - t(w). What is the units digit of k(-2)?
4
Let x(b) = 3*b**2 - 16*b - 6 + 17 - 4*b**2. What is the tens digit of x(-13)?
5
What is the tens digit of (112/24)/(2/21)?
4
Suppose 4*a + 3 = -1. Let b be 2/(a*(-2)/(-2)). What is the units digit of -9*b/(6 - 0)?
3
Let f = -90 + 166. What is the tens digit of f?
7
Suppose 3*q + 2*q = 220. Suppose 3*d - q - 25 = 0. Suppose 5*f - 63 = -b - d, -3*f + 5*b + 52 = 0. What is the units digit of f?
9
Let m(v) = 2*v - 2. Let w be m(5). Let a be (-1)/((-2)/w*1). Suppose 0 = 2*g - 0*g - a. What is the units digit of g?
2
Suppose -i + 23 = -4*u, -3*i - 31 = 5*u - 5*i. Let q(p) = p**2 + 5*p + 6. What is the units digit of q(u)?
6
Suppose 0 = -4*i + 250 + 6. What is the units digit of i?
4
Let b = 204 - 129. What is the tens digit of b?
7
Let x(g) = -g**3 + g**2 - g + 4. Let o be x(0). Suppose 3 = o*q - q. What is the units digit of q?
1
Let p(t) = t**3 + 6*t**2 - 7*t + 3. Let z be p(-7). Suppose -g + 4 = z*g. What is the units digit of 1/(g + (-4)/5)?
5
Let a(g) = g**3 - 6*g**2 - 7*g - 5. Let o be a(7). Let q(u) = -u**2 - 7*u - 7. Let b be q(o). Suppose -b*r = r - 16. What is the units digit of r?
4
Let n(x) be the second derivative of x**6/72 + x**5/60 + x**4/12 + 2*x**3/3 - 4*x. Let m(t) be the second derivative of n(t). What is the units digit of m(-2)?
8
What is the tens digit of (-16 + 15)/(1/(-121))?
2
Let t(i) = i**3 - 4*i**2 + 2*i - 4. Let g be t(4). Suppose 4*a - g = 2*a + 4*c, -3*a + 4*c + 6 = 0. What is the units digit of a?
2
Suppose 3*v - v = 42. What is the units digit of v?
1
What is the tens digit of (-6)/(-10) + 434/35?
1
Let t = 2 + -2. Suppose -3*y + t + 9 = 0. Suppose 2*h - y = -3*q - 0*h, h + 3 = 0. What is the units digit of q?
3
Let s(l) = 6*l + 1. What is the tens digit of s(2)?
1
Let f(d) = -77*d**3 - 4*d**2 + 3. What is the tens digit of f(-1)?
7
What is the units digit of 32/14*(-7)/(-2)?
8
Suppose -v + 0*v + 20 = 0. What is the units digit of v?
0
Let l(t) = 32*t. What is the hundreds digit of l(5)?
1
Suppose 0 = -3*p + 3*x - 2*x + 94, 4*p - 3*x = 122. What is the tens digit of p?
3
Let p = 72 + -54. What is the tens digit of p?
1
Suppose -2*g - 25 = 1. Let t = g - -25. What is the units digit of (-30)/9*t/(-10)?
4
Let g(b) = b + 6. Let w be (-5)/(-1)*(-10 - -11). What is the units digit of g(w)?
1
Let t(d) = d - 3. Let o be t(-3). Let x(l) be the second derivative of l**3/6 + 11*l**2/2 + 3*l. What is the units digit of x(o)?
5
Let v(f) = -f**3 + 3*f**2 + 8*f + 5. What is the units digit of v(4)?
1
Let a be (7 - 6) + (0 - -1). Suppose -v - 33 = a*f + f, 4*v + 55 = -5*f. Let n = 19 + f. What is the units digit of n?
8
Suppose -5*d + 7 = 2*g - 3, -g - 4*d - 1 = 0. Suppose 0 = 4*l + z - 26, -z + g + 4 = 3*l. What is the units digit of l?
7
Suppose -2*y = 3*w - 23, -24 + 2 = -3*y - 2*w. Suppose 0 = -y*i + 116 + 44. What is the units digit of i?
0
Let v = 107 - 47. What is the tens digit of v?
6
Let v(t) = t - 6. Let h = 9 - 6. Suppose -h*k + 2*k + 8 = 0. What is the units digit of v(k)?
2
Let k = -284 - -632. What is the hundreds digit of k?
3
Let t be (-8)/(-3) + (-1)/(-3). Suppose 5*o = -d + 73, -t*o + o + 32 = -d. What is the units digit of o?
5
Suppose -85*x = -90*x + 380. What is the units digit of x?
6
Let p(z) = -z**3 - 13*z**2 + 25*z - 25. What is the units digit of p(-15)?
0
Suppose 24 = 4*c + 3*z, -3*z + 7 = -2*c + 1. What is the tens digit of c - 4/(-6)*12?
1
Suppose b + 60 = -2*b. Let g = -28 - b. Let k(r) = r**2 + 8*r + 9. What is the units digit of k(g)?
9
Suppose 5*q - 403 = -3*i + 5*i, -8 = 2*i. What is the units digit of q?
9
Let b be 6/10 - (-136)/(-10). Suppose -25 + 79 = 3*v. Let r = v + b. What is the units digit of r?
5
Suppose 7 = -4*c + 83. What is the units digit of c?
9
What is the units digit of ((-249)/(-9) - 2)*3?
7
Let m = -7 - -12. Suppose -m*v + 195 = 5*f, v - 15 = 6*f - f. Suppose -2*o + 7*o = v. What is the units digit of o?
7
Let v(l) = -5*l**3 - 25*l**2 - 31*l - 41. Let m(b) = b**3 + 5*b**2 + 6*b + 8. Let n(h) = 11*m(h) + 2*v(h). What is the units digit of n(-4)?
6
Let f(l) = -12*l - 4. What is the hundreds digit of f(-11)?
1
Suppose 4*o + 1 + 3 = 0. Let u = 8 - 5. What is the units digit of (3/o)/((-1)/u)?
9
Suppose 5*w = 6*w - 36. What is the units digit of w?
6
Suppose k - 4 = -2. Suppose -k*h + h + 8 = 0. What is the units digit of h?
8
Let b(g) be the third derivative of -g**4/6 - 2*g**3/3 + 2*g**2. Let a be b(-6). Suppose 2 - 8 = -3*j - 5*o, 2*j = 2*o + a. What is the units digit of j?
7
Let m = 123 - 21. What is the units digit of m?
2
Let x(f) = f + 10. Let z be (6/(-4))/((-18)/48). Suppose r - 5*y - 25 = -3*r, -3*r = z*y + 20. What is the units digit of x(r)?
0
Let w = 1 - -3. Suppose -w*h + 0*h = -4. What is the units digit of h?
1
Let j = -2 - 2. What is the units digit of (2/6)/(j/(-156))?
3
Let l(w) = 20*w**2 - 4*w - w + 4*w. What is the units digit of l(-1)?
1
Suppose 3*